NOAA-Style Climate Reports

Select a Year or Month report
2024: Gen Feb Mar Apr Mag Giu Lug Ago Set Ott Nov Dic

Report for 2024 Luglio

Daily NOAA report



                            MONTHLY CLIMATOLOGICAL SUMMARY for JUL. 2024

NAME:    CITY:  STATE: 
ELEV:  LAT:  LONG: 

                            TEMPERATURE ( °C), RAIN (mm), WIND SPEED (kmh)

                                               HEAT     COOL           AVG
      MEAN                                     DEG      DEG            WIND                       DOM
DAY   TEMP    HIGH   TIME     LOW    TIME      DAYS     DAYS    RAIN   SPEED    HIGH    TIME      DIR
--------------------------------------------------------------------------------------------------------
01    29.7    34.5   12:13    24.2   05:55     00.0     11.4    00.0   04.5     22.2    07:36      E 
02    24.9    28.6   12:40    20.4   23:28     00.0     06.6    03.2   05.3     50.0    09:00      E 
03    23.3    28.1   14:47    19.2   02:39     00.0     05.0    00.2   06.2     24.1    12:54      E 
04    23.5    28.0   16:46    18.3   03:51     00.0     05.2    00.0   06.9     31.4    10:25      E 
05    24.5    29.9   15:16    18.4   04:32     00.0     06.2    00.0   05.0     22.2    11:25      E 
06    26.5    32.3   17:49    18.3   06:06     00.0     08.2    00.0   07.5     31.4    16:12      SE
07    28.6    35.7   14:39    20.5   06:15     00.0     10.3    00.0   06.1     27.8    17:15      SE
08    28.5    33.1   14:02    22.7   06:07     00.0     10.2    00.0   05.1     25.9    09:03      NW
09    28.1    34.1   13:25    22.9   05:42     00.0     09.8    00.0   06.9     27.8    13:25      NW
10    26.3    31.3   18:09    23.2   03:38     00.0     08.0    00.0   04.6     16.6    19:20     WNW
11    29.9    35.4   13:07    21.7   05:18     00.0     11.6    00.0   03.8     25.9    14:24      NW
12    30.8    36.7   14:06    23.7   04:37     00.0     12.5    00.0   03.8     20.4    15:50      E 
13    32.1    37.3   14:30    24.8   03:44     00.0     13.8    00.0   05.2     25.9    18:08     SSE
14    30.5    35.6   12:10    25.1   23:48     00.0     12.2    00.0   05.4     22.2    16:16      NW
15    32.8    37.2   15:42    24.1   00:56     00.0     14.5    00.0   05.3     20.4    14:33     NNW
16    30.7    36.7   13:36    22.9   05:51     00.0     12.4    00.0   04.7     20.4    16:06     WNW
17    31.4    36.8   13:10    24.7   06:03     00.0     13.1    00.0   05.6     22.2    13:57      NW
18    30.6    36.2   13:42    22.9   06:21     00.0     12.3    00.0   05.8     27.8    12:32      NW
19    30.1    34.6   15:24    24.9   05:32     00.0     11.8    00.0   06.1     29.6    12:47      NW
20    29.9    35.6   10:34    24.3   06:06     00.0     11.6    00.0   04.3     25.9    14:57     NNE
21    28.6    32.8   14:37    24.4   03:52     00.0     10.3    00.0   03.8     20.4    16:54      N 
22    26.9    33.3   10:36    20.8   20:07     00.0     08.6    03.5   05.2     37.0    18:32     WNW
23    27.1    32.5   15:40    21.8   05:44     00.0     08.8    00.0   07.7     27.8    12:39      NW
24    28.3    32.9   14:02    23.7   03:53     00.0     10.0    00.0   08.2     29.6    12:18      NW
--------------------------------------------------------------------------------------------------------
28.5 (28.1)   37.3  day 13     18.3  day 04   000.0    244.3   006.9   05.5     50.0   day 22      N 
Max >  30: 20
Min <   30: 24
Max Rain: 3.5 ON 22-07-24
Days of Rain: 3 (> .2mm) 2 (> 2mm) 0 (> 20mm)